{"id":608,"date":"2021-09-28T17:51:11","date_gmt":"2021-09-28T20:51:11","guid":{"rendered":"https:\/\/iffdorgbr.wpcomstaging.com\/?page_id=608"},"modified":"2022-03-24T11:44:09","modified_gmt":"2022-03-24T14:44:09","slug":"eventos-externos","status":"publish","type":"page","link":"https:\/\/iffdbrasil.org\/index.php\/eventos-externos\/","title":{"rendered":"Eventos Externos"},"content":{"rendered":"\n<p style=\"font-size:24px\"><strong>Eventos externos ao IFFD que nossos integrantes j\u00e1 participaram<\/strong><\/p>\n\n\n\n<div class=\"wp-block-coblocks-accordion\">\n<div class=\"wp-block-coblocks-accordion-item\"><details open><summary class=\"wp-block-coblocks-accordion-item__title has-background has-text-color has-white-color\" style=\"background-color:#00c8c8\"><strong>2021<\/strong><\/summary><div class=\"wp-block-coblocks-accordion-item__content\" style=\"border-color:#00c8c8\">\n<p class=\"has-black-color has-text-color has-custom-lineheight\" style=\"line-height:1.78\">30\/08<br><strong><a rel=\"noreferrer noopener\" href=\"https:\/\/youtu.be\/doIcigMDYyo\" data-type=\"URL\" data-id=\"https:\/\/youtu.be\/doIcigMDYyo\" target=\"_blank\">DEBATE CYCLE &#8211; MMT and Policies for Full Employment (Audio in English)<\/a><\/strong><br>PARTICIPA\u00c7\u00c3O DE:<br><em>Daniel Negreiros Concei\u00e7\u00e3o<\/em><\/p>\n<p><meta charset=\"utf-8\">22\/09<br><strong><a rel=\"noreferrer noopener\" href=\"https:\/\/youtu.be\/roNgHCRpzh4\" data-type=\"URL\" data-id=\"https:\/\/youtu.be\/roNgHCRpzh4\" target=\"_blank\">Semin\u00e1rio on-line &#8220;Agenda Trabalhista do Governo Biden-Harris&#8221;<\/a><\/strong><br>PARTICIPA\u00c7\u00c3O DE:<br><em>Simone Deos<\/em><\/p>\n<p><meta charset=\"utf-8\"><meta charset=\"utf-8\">24\/09<br><strong><a rel=\"noreferrer noopener\" href=\"https:\/\/youtu.be\/XOi5SiTHskI\" data-type=\"URL\" data-id=\"https:\/\/youtu.be\/XOi5SiTHskI\" target=\"_blank\">Sextas de debate em Economia: Impactos econ\u00f4micos da COVID-19 &#8211; o que MMT tem a ensinar?<\/a><\/strong><br>PARTICIPA\u00c7\u00c3O DE:<br><em>Simone Deos<\/em><\/p>\n<p><meta charset=\"utf-8\">28\/09<br><strong><a rel=\"noreferrer noopener\" href=\"https:\/\/edemocracia.camara.leg.br\/audiencias\/sala\/2285\" data-type=\"URL\" data-id=\"https:\/\/edemocracia.camara.leg.br\/audiencias\/sala\/2285\" target=\"_blank\">AUDI\u00caNCIA P\u00daBLICA C\u00c2MBIO E MACROECONOMIA PARA O DESENVOLVIMENTO<\/a><\/strong><br>PARTICIPA\u00c7\u00c3O DE:<br><em>Daniel Negreiros Concei\u00e7\u00e3o<\/em><\/p>\n<\/div><\/details><\/div>\n<\/div>\n\n\n\n<p><\/p>\n","protected":false},"excerpt":{"rendered":"<p>Eventos externos ao IFFD que nossos integrantes j\u00e1 participaram 2021 30\/08DEBATE CYCLE &#8211; MMT and Policies for Full Employment (Audio in English)PARTICIPA\u00c7\u00c3O DE:Daniel Negreiros Concei\u00e7\u00e3o 22\/09Semin\u00e1rio on-line &#8220;Agenda Trabalhista do Governo Biden-Harris&#8221;PARTICIPA\u00c7\u00c3O DE:Simone Deos 24\/09Sextas de debate em Economia: Impactos econ\u00f4micos da COVID-19 &#8211; o que MMT tem a ensinar?PARTICIPA\u00c7\u00c3O DE:Simone Deos 28\/09AUDI\u00caNCIA P\u00daBLICA C\u00c2MBIO &hellip; <\/p>\n<p class=\"link-more\"><a href=\"https:\/\/iffdbrasil.org\/index.php\/eventos-externos\/\" class=\"more-link\">Continue lendo<span class=\"screen-reader-text\"> &#8220;Eventos Externos&#8221;<\/span><\/a><\/p>\n","protected":false},"author":1,"featured_media":0,"parent":0,"menu_order":0,"comment_status":"closed","ping_status":"closed","template":"","meta":{"footnotes":""},"class_list":["post-608","page","type-page","status-publish","hentry"],"_links":{"self":[{"href":"https:\/\/iffdbrasil.org\/index.php\/wp-json\/wp\/v2\/pages\/608","targetHints":{"allow":["GET"]}}],"collection":[{"href":"https:\/\/iffdbrasil.org\/index.php\/wp-json\/wp\/v2\/pages"}],"about":[{"href":"https:\/\/iffdbrasil.org\/index.php\/wp-json\/wp\/v2\/types\/page"}],"author":[{"embeddable":true,"href":"https:\/\/iffdbrasil.org\/index.php\/wp-json\/wp\/v2\/users\/1"}],"replies":[{"embeddable":true,"href":"https:\/\/iffdbrasil.org\/index.php\/wp-json\/wp\/v2\/comments?post=608"}],"version-history":[{"count":1,"href":"https:\/\/iffdbrasil.org\/index.php\/wp-json\/wp\/v2\/pages\/608\/revisions"}],"predecessor-version":[{"id":1026,"href":"https:\/\/iffdbrasil.org\/index.php\/wp-json\/wp\/v2\/pages\/608\/revisions\/1026"}],"wp:attachment":[{"href":"https:\/\/iffdbrasil.org\/index.php\/wp-json\/wp\/v2\/media?parent=608"}],"curies":[{"name":"wp","href":"https:\/\/api.w.org\/{rel}","templated":true}]}}