{"id":904,"date":"2022-03-10T16:18:21","date_gmt":"2022-03-10T19:18:21","guid":{"rendered":"https:\/\/iffdorgbr.wpcomstaging.com\/?page_id=904"},"modified":"2023-02-22T11:55:44","modified_gmt":"2023-02-22T14:55:44","slug":"outras-producoes","status":"publish","type":"page","link":"https:\/\/iffdbrasil.org\/index.php\/outras-producoes\/","title":{"rendered":"Outras Produ\u00e7\u00f5es"},"content":{"rendered":"\n<div class=\"wp-block-query is-layout-flow wp-block-query-is-layout-flow\"><ul class=\"wp-block-post-template is-layout-flow wp-block-post-template-is-layout-flow\"><li class=\"wp-block-post post-1155 post type-post status-publish format-standard hentry category-destaque category-outros-textos tag-democracia tag-inovacao tag-planejamento-fiscal tag-restricao-fiscal tag-sustentabilidade\">\n<h4 class=\"wp-block-post-title\"><a href=\"https:\/\/iffdbrasil.org\/index.php\/2023\/03\/13\/nota-publica-n-1-em-defesa-de-um-regime-de-planejamento-fiscal\/\" target=\"_blank\" >Nota P\u00fablica n. 1 &#8211; Em Defesa de um Regime de Planejamento Fiscal<\/a><\/h4>\n\n<div class=\"wp-block-post-date\"><time datetime=\"2023-03-13T17:09:15-03:00\">13 de mar\u00e7o de 2023<\/time><\/div>\n<\/li><li class=\"wp-block-post post-1128 post type-post status-publish format-standard hentry category-destaque category-outros-textos tag-constituicao tag-democracia tag-estado-de-direito tag-financas-funcionais tag-responsabilidade-fiscal\">\n<h4 class=\"wp-block-post-title\"><a href=\"https:\/\/iffdbrasil.org\/index.php\/2023\/01\/13\/outras-producoes-n-3-nota-de-repudio-a-intentona-bolsonarista-de-8-de-janeiro-de-2023\/\" target=\"_blank\" >Outras Produ\u00e7\u00f5es n. 3 &#8211; \u00a0Nota de Rep\u00fadio \u00e0 Intentona Bolsonarista de 8 de janeiro de 2023\u00a0<\/a><\/h4>\n\n<div class=\"wp-block-post-date\"><time datetime=\"2023-01-13T11:47:30-03:00\">13 de janeiro de 2023<\/time><\/div>\n<\/li><li class=\"wp-block-post post-1119 post type-post status-publish format-standard hentry category-destaque category-outros-textos tag-direitos tag-emprego tag-financas-funcionais tag-macroeconomia\">\n<h4 class=\"wp-block-post-title\"><a href=\"https:\/\/iffdbrasil.org\/index.php\/2022\/09\/26\/outras-producoes-n-2-programa-de-garantia-de-emprego-para-uma-sociedade-prospera-justa-e-sustentavel\/\" target=\"_blank\" >Outras Produ\u00e7\u00f5es n. 2 &#8211; Programa de Garantia de Emprego para uma Sociedade Pr\u00f3spera, Justa e Sustent\u00e1vel.<\/a><\/h4>\n\n<div class=\"wp-block-post-date\"><time datetime=\"2022-09-26T22:22:58-03:00\">26 de setembro de 2022<\/time><\/div>\n<\/li><li class=\"wp-block-post post-907 post type-post status-publish format-standard hentry category-destaque category-outros-textos tag-covid-19 tag-divida-publica tag-governo-soberano tag-inflacao tag-mmt tag-new-york-times tag-pandemia tag-politicas-publicas tag-solvencia\">\n<h4 class=\"wp-block-post-title\"><a href=\"https:\/\/iffdbrasil.org\/index.php\/2022\/03\/10\/outras-producoes-n-1-e-hora-de-celebrar-a-teoria-monetaria-moderna-traduzido-do-original-em-ingles\/\" target=\"_blank\" >Outras Produ\u00e7\u00f5es n. 1 &#8211; \u00c9 hora de celebrar a Teoria Monet\u00e1ria Moderna? (traduzido do original em ingl\u00eas)<\/a><\/h4>\n\n<div class=\"wp-block-post-date\"><time datetime=\"2022-03-10T16:13:37-03:00\">10 de mar\u00e7o de 2022<\/time><\/div>\n<\/li><\/ul><\/div>\n\n\n\n<p><\/p>\n","protected":false},"excerpt":{"rendered":"","protected":false},"author":1,"featured_media":0,"parent":0,"menu_order":0,"comment_status":"closed","ping_status":"closed","template":"","meta":{"footnotes":""},"class_list":["post-904","page","type-page","status-publish","hentry"],"_links":{"self":[{"href":"https:\/\/iffdbrasil.org\/index.php\/wp-json\/wp\/v2\/pages\/904","targetHints":{"allow":["GET"]}}],"collection":[{"href":"https:\/\/iffdbrasil.org\/index.php\/wp-json\/wp\/v2\/pages"}],"about":[{"href":"https:\/\/iffdbrasil.org\/index.php\/wp-json\/wp\/v2\/types\/page"}],"author":[{"embeddable":true,"href":"https:\/\/iffdbrasil.org\/index.php\/wp-json\/wp\/v2\/users\/1"}],"replies":[{"embeddable":true,"href":"https:\/\/iffdbrasil.org\/index.php\/wp-json\/wp\/v2\/comments?post=904"}],"version-history":[{"count":2,"href":"https:\/\/iffdbrasil.org\/index.php\/wp-json\/wp\/v2\/pages\/904\/revisions"}],"predecessor-version":[{"id":1136,"href":"https:\/\/iffdbrasil.org\/index.php\/wp-json\/wp\/v2\/pages\/904\/revisions\/1136"}],"wp:attachment":[{"href":"https:\/\/iffdbrasil.org\/index.php\/wp-json\/wp\/v2\/media?parent=904"}],"curies":[{"name":"wp","href":"https:\/\/api.w.org\/{rel}","templated":true}]}}

Outras Produções

<div class="wp-block-query is-layout-flow wp-block-query-is-layout-flow"><ul class="wp-block-post-template is-layout-flow wp-block-post-template-is-layout-flow"><li class="wp-block-post post-1155 post type-post status-publish format-standard hentry category-destaque category-outros-textos tag-democracia tag-inovacao tag-planejamento-fiscal tag-restricao-fiscal tag-sustentabilidade">
<h4 class="wp-block-post-title"><a href="https://iffdbrasil.org/index.php/2023/03/13/nota-publica-n-1-em-defesa-de-um-regime-de-planejamento-fiscal/" target="_blank" >Nota Pública n. 1 &#8211; Em Defesa de um Regime de Planejamento Fiscal</a></h4>

<div class="wp-block-post-date"><time datetime="2023-03-13T17:09:15-03:00">13 de março de 2023</time></div>
</li><li class="wp-block-post post-1128 post type-post status-publish format-standard hentry category-destaque category-outros-textos tag-constituicao tag-democracia tag-estado-de-direito tag-financas-funcionais tag-responsabilidade-fiscal">
<h4 class="wp-block-post-title"><a href="https://iffdbrasil.org/index.php/2023/01/13/outras-producoes-n-3-nota-de-repudio-a-intentona-bolsonarista-de-8-de-janeiro-de-2023/" target="_blank" >Outras Produções n. 3 &#8211;  Nota de Repúdio à Intentona Bolsonarista de 8 de janeiro de 2023 </a></h4>

<div class="wp-block-post-date"><time datetime="2023-01-13T11:47:30-03:00">13 de janeiro de 2023</time></div>
</li><li class="wp-block-post post-1119 post type-post status-publish format-standard hentry category-destaque category-outros-textos tag-direitos tag-emprego tag-financas-funcionais tag-macroeconomia">
<h4 class="wp-block-post-title"><a href="https://iffdbrasil.org/index.php/2022/09/26/outras-producoes-n-2-programa-de-garantia-de-emprego-para-uma-sociedade-prospera-justa-e-sustentavel/" target="_blank" >Outras Produções n. 2 &#8211; Programa de Garantia de Emprego para uma Sociedade Próspera, Justa e Sustentável.</a></h4>

<div class="wp-block-post-date"><time datetime="2022-09-26T22:22:58-03:00">26 de setembro de 2022</time></div>
</li><li class="wp-block-post post-907 post type-post status-publish format-standard hentry category-destaque category-outros-textos tag-covid-19 tag-divida-publica tag-governo-soberano tag-inflacao tag-mmt tag-new-york-times tag-pandemia tag-politicas-publicas tag-solvencia">
<h4 class="wp-block-post-title"><a href="https://iffdbrasil.org/index.php/2022/03/10/outras-producoes-n-1-e-hora-de-celebrar-a-teoria-monetaria-moderna-traduzido-do-original-em-ingles/" target="_blank" >Outras Produções n. 1 &#8211; É hora de celebrar a Teoria Monetária Moderna? (traduzido do original em inglês)</a></h4>

<div class="wp-block-post-date"><time datetime="2022-03-10T16:13:37-03:00">10 de março de 2022</time></div>
</li></ul></div>



<p></p>
